vided by 118.
74
Suppose 3*f - 32 = -i - f, 2*i - 108 = 3*f. Let w = 292 - 197. Calculate the remainder when w is divided by i.
47
Suppose 19*g + 5152 = 35*g. Calculate the remainder when g is divided by 154.
14
Suppose 14*q - 244 = 414. What is the remainder when 164 is divided by q - -5*((-10)/(-2) - 6)?
38
Let q = -22 - -24. Let t = 2 + q. Suppose 41 = 2*g - 3*w, t*w - 3 + 7 = 0. Calculate the remainder when 131 is divided by g.
17
Let h(o) = -o**3 + 3*o**2 - 2. Let j be h(-1). Suppose 5*r = -j*r + 154. Calculate the remainder when 70 is divided by r.
4
Let v(n) = n**3 - 35*n**2 - 32*n - 17. Let d = 204 + -168. Calculate the remainder when v(d) is divided by 36.
19
Let j(i) = -11*i**2 - 495*i + 6. Calculate the remainder when j(-43) is divided by 72.
16
Let o(c) = c + 22. Suppose -4*x = -6*x. Let q = -4612 - -4672. What is the remainder when q is divided by o(x)?
16
Let h(v) = 3*v + 12. Let x be h(1). Suppose -4*b + 73 + x = 0. Calculate the remainder when 41 is divided by b.
19
Let r be (-2)/(-4)*2*0. Suppose -19*c = -7*c + 3*s - 24, 0 = -c - 2*s + 2. What is the remainder when c + r + -21*40/(-12) is divided by 19?
15
Suppose 557*v + 154202 = 214*v + 1283701. What is the remainder when v is divided by 3284?
9
Let l(n) = 2*n**2 - 11*n + 14. Let f be l(6). Suppose -22*d + 120 = -f*d. What is the remainder when d is divided by 48?
12
Let c be 136/(-102)*(-9)/4. Let s(p) = 2 - 3*p**2 + p**3 + 5 + 2*p - p**2. What is the remainder when 25 is divided by s(c)?
1
Let b(y) = 22*y**2 + y. Let f(r) = r**2 + 5*r - 33. Let t be f(-11). Let d = 32 - t. Calculate the remainder when 81 is divided by b(d).
18
Calculate the remainder when 1081 is divided by (((-88)/(-14))/1)/((-28)/(-98)).
3
Suppose 1649 = -28*g + 2042 + 2155. What is the remainder when 2547 is divided by g?
90
Let d(s) = -s**2 + 58*s - 614. What is the remainder when 793 is divided by d(42)?
39
Let u(f) = 4*f**2 - 22. Let d = -216 - -400. Let x = d - 102. What is the remainder when x is divided by u(-4)?
40
Let b(m) = -10*m + 101. Let z be b(9). Calculate the remainder when (z - 5 - 0)*3 is divided by 4.
2
Let w(y) = 14*y**2 - 7*y - 17. Calculate the remainder when w(5) is divided by 290.
8
Let y = 369 - 289. Suppose 20 = -4*n + 9*n, -3*j + y = 5*n. What is the remainder when 119 is divided by j?
19
Suppose 3*h + y + 14 + 3 = 0, 4*h + 11 = y. Calculate the remainder when 77 is divided by -12*h/16 + 27.
17
Let f = -38 - -38. Let m be f + 1/(-5) + 562/10. Suppose -23*c = -16*c - m. What is the remainder when 53 is divided by c?
5
Calculate the remainder when (4/(-6))/((-1)/117) is divided by 18/54*54*(-12)/(-8).
24
Let l(i) = 3*i**2 - 6*i - 11. Let x be l(6). Let u = -61 + x. Suppose 16*c - 8*c - 40 = u. What is the remainder when 7 is divided by c?
2
Let g(m) be the first derivative of m**3/3 - m**2 + 4*m + 3. What is the remainder when ((5 - 5) + 38)/(1/2) is divided by g(7)?
37
Suppose -3*g + 314 = 98. Calculate the remainder when g is divided by ((5700/(-18))/19)/(42/(-9) + 4).
22
Let p = -8431 - -8911. What is the remainder when 1458 is divided by p?
18
Let q(o) = -o**3 + 3*o**2 + 5*o + 4. Let x(i) = i**2 + 6*i - 12. Let z be x(-8). Calculate the remainder when 36 is divided by q(z).
4
Let d be 2 + 4 + -3 + 3. Suppose d*t = 120 + 282. What is the remainder when t is divided by 42?
25
What is the remainder when (-15 + (-100)/8)/(2/(-124)) is divided by 28?
25
Suppose 4*m - 3*g + 118 - 428 = 0, 0 = -3*m + 6*g + 210. Suppose 3*w - 28 = w. Calculate the remainder when m is divided by w.
12
Let d(j) = j**3 + 26*j**2 + 80*j + 17. Calculate the remainder when d(-16) is divided by 14.
9
Suppose 380*b - 4*i + 24 = 377*b, 4*i - 24 = 4*b. Let d = -293 + 479. Suppose 6*p + 36 - d = b. Calculate the remainder when 97 is divided by p.
22
Suppose -642*p + 624*p + 792 = 0. Calculate the remainder when p is divided by 17.
10
Suppose 16*x = 12*x - 12. Let u = x + 2. What is the remainder when 60 is divided by ((-17)/3 + u)*12/(-5)?
12
Suppose 0 = 5*u + 10, -17*u + 18*u + 512 = 5*i. What is the remainder when 4177 is divided by i?
97
Let b = -5819 - -5869. Calculate the remainder when 524 is divided by b.
24
Let i(d) = -33*d**3 + 67*d**2 + 62*d - 5. Calculate the remainder when 1556 is divided by i(-1).
5
Let c(l) = -l**3 - 5*l**2 + l + 427. Calculate the remainder when c(0) is divided by 141.
4
Suppose 10*k - 87 = 23. Let n(u) = -u**3 + 12*u**2 - 7*u - 14. Calculate the remainder when 53 is divided by n(k).
23
Let k be (-42 + 32)/((-5)/6). Suppose -136 = 8*f - k*f. What is the remainder when 406 is divided by f?
32
What is the remainder when 1217 is divided by 29/((-6)/4*(5 + 68/(-12)))?
28
Let u(g) = -3*g**3 + 69*g**2 - 17*g + 177. Calculate the remainder when u(15) is divided by 32.
10
Let d = -138 - 69. Let n = d + 224. Calculate the remainder when 286 is divided by n.
14
Let m(z) = z**2 - z - 6. Let c(i) = -13*i**2 - 8*i - 18. Let k(p) = -c(p) + 4*m(p). What is the remainder when 193 is divided by k(1)?
13
Let m(f) = -f**3 + 4*f**2 + 179*f - 10. What is the remainder when 719 is divided by m(-12)?
135
Let b be 4025/25 + -5*1. Let q = b + -143. Calculate the remainder when 64 is divided by q.
12
Suppose -6*t = 4597 - 385. Let z = 1046 + t. Suppose 7*b + b - z = 0. Calculate the remainder when 128 is divided by b.
42
Let o(u) = -2*u**2 + 14*u + 17. Let q = 7 + 0. Suppose -q*n - 28 = -11*n. What is the remainder when 84 is divided by o(n)?
16
Let h = 449 - 253. Let d = h - 179. What is the remainder when 49 is divided by d?
15
Let j = -284 - -560. Suppose 0 = 5*o - 0*m - m + 714, 2*o + 2*m + j = 0. Let v = 7 - o. Calculate the remainder when v is divided by 30.
29
What is the remainder when -54*(-10)/(-3)*(-4104)/570 is divided by 215?
6
Let u be 3 - (2 - 173) - 4. Let y = 175 - u. What is the remainder when ((-25)/(-15))/((-5)/(-18)) is divided by y?
1
Suppose 0 = 7*r + 247 - 268. Suppose -r*z + 18 + 69 = 0. Suppose 3*h - 9 = 21. What is the remainder when z is divided by h?
9
Let p be ((-56)/8)/1*192/7. Let u = p - -212. What is the remainder when 26 is divided by u?
6
Suppose -47*z - 19529 = -124339. Calculate the remainder when z is divided by 29.
26
Suppose -505 = -3*i + 3*u + 110, u = 3. Calculate the remainder when i is divided by 115.
93
Let s(v) = 6*v - 64. Let n be s(14). Suppose -n*l + 33 = -127. Suppose -b = -0*b - 23. What is the remainder when b is divided by l?
7
Suppose 3*v = -4 + 1. Let a be 155 - v*3*(5 + -6). Suppose 211 = 4*z + i - 2*i, 0 = -3*z + 2*i + a. Calculate the remainder when z is divided by 12.
6
What is the remainder when (20/(-7))/(8/(-392)) is divided by (1128/329)/(4/14)?
8
Suppose -3576 = 25*l + 1699. Let n = -201 - l. Calculate the remainder when 129 is divided by n.
9
Let s(p) = -p**3 + 9*p**2 - 10*p - 7. Let h be ((-1900)/(-75))/((-2)/(-3)). Let g = h + -32. What is the remainder when s(g) is divided by 11?
8
Suppose k = -u - 5, 4*k - 3*u + 8 = -33. Let x(o) = -9*o - 78 - 7 + 18. What is the remainder when 39 is divided by x(k)?
4
Let v = 9660 + -9422. Calculate the remainder when v is divided by 230.
8
Let u(l) = -6*l**3 - 25*l**2 - 132*l - 60. Calculate the remainder when u(-6) is divided by 283.
279
Let z(t) = 2*t. Let a be z(-2). Let s(b) = 9*b + 2. Let f be s(a). What is the remainder when (f/6 - -3)*-12 is divided by 11?
10
Let u(b) = -b**3 + 8*b**2 + 82*b + 21. Suppose -2*w + 17 + 903 = 0. Calculate the remainder when w is divided by u(-6).
31
Let i = 24822 - 22041. Calculate the remainder when i is divided by 14.
9
Let s = -20614 + 21260. What is the remainder when s is divided by 49 + 2 - (3 + -6)?
52
Let j(k) = 88*k**2 + 6*k - 3. What is the remainder when j(4) is divided by 55?
54
Let u(k) = k**3 - 23*k**2 - 190*k + 12. What is the remainder when u(-6) is divided by (42/9)/(-2)*-18?
24
Let r be 8/(-8) + 8 + -9. Calculate the remainder when 254 is divided by 3/(r - 519/(-255)).
84
Let z = 799 + -784. What is the remainder when 149 is divided by z?
14
Let r be 4/3*(-1194)/(-8). Suppose 12*y + r = 487. What is the remainder when 54 is divided by y?
6
Suppose w + 6 - 3 = 0, 0 = 3*v - 2*w. Let j(n) = -3*n**3 - n**2 + 12*n + 20. What is the remainder when 25 is divided by j(v)?
9
Suppose 4*a = -f + 55, 665*a - 17 = 663*a + 3*f. Calculate the remainder whe